?
2
Suppose 0 = 5*x + 383 - 2183. Suppose s + 3*s = r + 735, 2*s - x = -2*r. What is the hundreds digit of s?
1
Suppose 0 = 5*w - 2*b + 122, 46 = -w - w - 2*b. Let f = -2 - w. Suppose -f = g - 3*g. What is the tens digit of g?
1
Let w = -313 - -906. What is the tens digit of w?
9
What is the hundreds digit of (0 + -24)*((-105)/(-4))/(-5)?
1
Suppose -4*h = -3*h - 1918. What is the units digit of h?
8
Suppose -5*k + 73 = 4*l, -4*l + k + 7 = -3*l. What is the tens digit of (l/(-10))/((-12)/520)?
5
Let g(z) = 6*z**2 - 8*z + 11. Let k(h) = 4*h**2 - 5*h + 7. Let b(j) = -5*g(j) + 8*k(j). Let a = -4 - -2. What is the units digit of b(a)?
9
Suppose 0 = -2*q + 7 + 9. Let z = q + 0. Suppose 69 = 5*h - n, -n = -h + 9 + z. What is the tens digit of h?
1
Let r(b) = 3*b**2 + 1. Let i be r(1). Suppose 0 = i*h + 5*j + 66, 3*j - 4*j + 26 = -2*h. What is the tens digit of 4/h - 605/(-35)?
1
Let s = -973 + 928. Suppose 0*y - 5*y = -3*t + 190, -6 = 3*y. What is the tens digit of (1 + -65)*s/t?
4
Let g(j) = -j**3 + 3*j**2 + 5*j - 4. Let m be g(4). Suppose 4*w + 0*w + 4 = m. Let n(u) = 29*u**2 - 2*u - 2. What is the tens digit of n(w)?
2
Let m = 270 + 571. Suppose 0 = 13*o + 165 - m. What is the units digit of o?
2
Let f be (-2)/8*(-4)/1. Let a = f + 33. What is the tens digit of a?
3
Let p(q) = q**2 - 7*q + 9. Let n be p(6). What is the units digit of (102/(-45)*n)/(2/(-10))?
4
Suppose -2*r - 12 = -68. Let k be (-3)/(-7) + (-4)/((-224)/3448). Let h = k - r. What is the tens digit of h?
3
What is the hundreds digit of ((-6)/9)/((-6)/5508)?
6
Suppose 124 = 8*x - 4*x. Suppose -5*u = -94 - x. What is the units digit of u?
5
Suppose 5*x - 2655 = 5*d, 0 = 4*x - d - 348 - 1761. What is the units digit of x?
6
Suppose -3*s + 3*t + 15 = 0, 3*s + 5*t = -2*s + 25. Let a(z) = -96*z. Let j(w) = -6*w. Let k(m) = 2*a(m) - 33*j(m). What is the tens digit of k(s)?
3
Suppose 6*l = 2*l + 1636. What is the tens digit of l?
0
Suppose 3*s + 0*s = -21. Let c = s - -7. Suppose c = -4*u + 63 + 45. What is the tens digit of u?
2
Let m(i) = 2*i + 49. Let k be m(-22). Suppose j - 73 = -3*d - d, k*j = d - 13. What is the units digit of d?
8
Suppose 0 = -2*p + 3*j + 690 + 1001, 0 = -p - j + 843. What is the tens digit of p?
4
Let v be 4*((-3)/(-6))/1. Suppose 4*f = 3*f - z - 1, 3*f = v*z + 12. Suppose 0 = -f*p + 7*p - 265. What is the units digit of p?
3
Let k(b) = -13 + 3*b**2 - 3*b**2 + 10*b + 4*b**2 - 5*b**2. Let d be k(9). Let z(m) = -m**2 - 7*m + 3. What is the units digit of z(d)?
5
Let t = 202 + -92. Let g = -40 + t. What is the tens digit of g?
7
Let m = 0 + 3. Let t(k) = -11*k - 7. Let i be t(-8). Suppose 4*z - i = -m*q, -q - q = -6. What is the units digit of z?
8
Let s = 28 + -25. Suppose 16 = -4*d, -3*i = d - 90 - 2. Suppose -s*v + i = -2*v. What is the units digit of v?
2
Let i(k) = k - 6. Let d be i(9). Suppose 3*q - 271 = -5*x + 141, -d*x = 3*q - 252. What is the tens digit of x?
8
What is the hundreds digit of ((-1090)/20)/(2*1/(-76))?
0
Let d(n) = 8*n**3 - 3*n**2 + n + 2. Let o be d(2). Suppose -189 = 3*c - 4*r - o, -3*r = -2*c - 90. What is the units digit of (-84)/c + 6/(-39)?
2
Let v be (12/(-18))/((-2)/396). Suppose -2*c = 4*i - v, -2*i + 0*i - 294 = -5*c. Suppose 7*g - 2*g = c. What is the tens digit of g?
1
Let r(o) be the third derivative of -5*o**4/24 + 59*o**3/6 + 18*o**2. What is the hundreds digit of r(-22)?
1
Let w(k) = k**2 - k + 2. Let i be w(1). Suppose -i*n - 34 = -6*n - 2*d, d + 28 = 3*n. Let g(j) = j - 1. What is the units digit of g(n)?
8
Suppose 0 = c + 4*c + 3*v - 217, c - 48 = 4*v. Let i = 73 - c. What is the units digit of i?
9
Let j = 1819 + -1230. What is the units digit of j?
9
Let q(u) = u**2 + 3*u - 12. Let c be q(5). Suppose 0 = 5*v - 92 - c. Suppose 4*s - v = 3*s. What is the tens digit of s?
2
What is the thousands digit of ((-817)/(-38) + -11)*1078/3?
3
Let o(z) = -z**2 - 3*z. Let d be o(-3). Let x(f) = -3*f**3 + 4 - 5 + d*f - 2*f + 2*f**3 + 4*f**2. What is the units digit of x(3)?
2
Let s(c) = -8*c + 12. Let i be s(8). Let x = 111 + i. Suppose v - 5*m = x, 0*v - 117 = -3*v - 5*m. What is the units digit of v?
4
Let k(t) be the second derivative of t**4/12 - 3*t**3/2 + 6*t**2 - 3*t. Let j be k(10). What is the tens digit of (-2)/11 - (-334)/j?
1
Let o = 13 - -284. Let c = o - 186. What is the hundreds digit of c?
1
Let m(u) = 7*u + 2. Suppose -2*c = -0*c. Suppose -s + 0*s + 2 = c. What is the units digit of m(s)?
6
Suppose 0 = 3*p - 14 + 2. Suppose 3*g - n + 234 = 0, 0 = -2*g - 2*n + p*n - 160. Let r = g + 142. What is the tens digit of r?
6
Suppose 3*h + 0 = 6. Suppose -4 = h*b + d - 99, 3*b - 4*d = 170. What is the units digit of b?
0
Let h(p) = 19*p**2 + p + 72. What is the hundreds digit of h(10)?
9
Let f(v) = -3*v - 7. Let w be f(-4). Suppose 0 = -8*u + 3*u, -5*p + 265 = w*u. What is the units digit of p?
3
Let t(i) = 17*i + 72. What is the thousands digit of t(55)?
1
Let b(x) be the second derivative of x**3/3 - 7*x**2/2 + 4*x. Let y be b(6). Suppose 0 = 5*k + y, 5*h - 105 + 0 = -5*k. What is the tens digit of h?
2
Let o(l) = 20*l + 55. What is the tens digit of o(24)?
3
Let s = -24 - -27. Suppose -16 = 2*n - s*n. What is the tens digit of n?
1
Suppose -f = 6*f - 35. Suppose 0*j - f*j - 3*s + 309 = 0, s + 117 = 2*j. What is the units digit of j?
0
Let x = -232 - -211. Let y = -36 + 22. Let r = y - x. What is the units digit of r?
7
Let y(h) = 18*h + 1. Let x be y(3). Let p be 6810/x - (-4)/22. Suppose -4*f + p = -2*f. What is the units digit of f?
2
Suppose 7*l - 23672 = 8157. What is the tens digit of l?
4
Let f(p) be the third derivative of p**5/30 - p**4/3 - 5*p**3/2 - 2*p**2. What is the tens digit of f(-6)?
0
Suppose -z = 4*t - 336, 16*z - 11*z + t = 1775. What is the tens digit of z?
5
Suppose 0 = 5*k + 4*y + 8, -3*y + 11 = -2*k - 2*y. Let x be k/(-6)*(0 + 9). Suppose -4 - x = -5*d. What is the units digit of d?
2
Suppose 5*g + 3*j = 24, 3*g + j = 16 - 4. Let r = -87 + 168. What is the units digit of r/12 + g/(-4)?
6
Let p be (-6)/(-45) + (-366)/45. Let i(u) = -2*u - 10. Let n be i(p). What is the units digit of (-2)/n*(8 - 65)?
9
Let g(z) = -12*z**2 + 16*z**2 - 1 - 3*z + 5*z - 3*z. What is the units digit of g(3)?
2
Let q = 65 - 34. Let i = -15 + q. What is the units digit of i?
6
Let h(o) = -o**3 + 7*o**2 + 4*o + 14. Let y be (-1)/(-4 + 69/18). What is the tens digit of h(y)?
7
Let j(f) = 2*f**2 - 25*f + 28. Let v(b) = -b**3 + 9*b**2 + b + 7. Let q be v(9). What is the hundreds digit of j(q)?
1
Let k(q) = q**2 - 34*q - 82. What is the tens digit of k(40)?
5
Let i be (14/(-21))/((-2)/9) - 0. What is the units digit of 10/(-30) + 214/i?
1
Let m be (3/(-6))/(1/6). Let a be 16/(6*m/(-9)). Suppose -10*z = -a*z - 80. What is the tens digit of z?
4
Let f(i) = -i**3 + 4*i**2 + 6*i. Let r be f(5). Let u be (-10)/(-8) - (-48)/64. Suppose 0*a - 3*a = 2*z + u, 6 = -r*a - 4*z. What is the units digit of a?
2
Let f(g) = 24*g**2 + 20*g + 60. What is the hundreds digit of f(-4)?
3
Let g(y) = 7*y**2 + 134*y + 24. What is the hundreds digit of g(-25)?
0
Let g = -29 + 26. What is the tens digit of (10/12 + g/(-18))*84?
8
Suppose 20*t - 1474 = 3806. What is the units digit of t?
4
Suppose -z - 3 = -2. Let x(u) = -138*u**3 + 2*u**2 + 2*u + 1. What is the hundreds digit of x(z)?
1
Suppose 0 = -3*f + 3, -30*p = -32*p + f + 781. What is the units digit of p?
1
Let q = 1608 - 963. What is the units digit of q?
5
Let m = 1929 + -4279. What is the units digit of (-8)/(-10)*m/(-20)?
4
What is the hundreds digit of 5/((-120)/(-9)) - (-659595)/120?
4
Suppose -2*j + 6*j = -3*s + 12, 4*s - j - 35 = 0. Let o = s - 1. Let i(d) = 5*d - 5. What is the tens digit of i(o)?
3
Let c(i) be the second derivative of -i**5/20 + 13*i**4/12 - 17*i**3/6 - 13*i**2/2 + 2*i. What is the tens digit of c(11)?
4
Suppose 36 = -5*a + 2*a. Let q be (9/(-12))/(a/64). Suppose -q = -x + 13. What is the units digit of x?
7
Let c be 10/6 - (-4)/12. What is the units digit of ((-10)/(-6))/(c/150)?
5
Suppose 3*i - 15 = w - 4*w, -w + 5 = 4*i. Let h(k) = k**3 - k**2 - k + 22. What is the units digit of h(i)?
2
Suppose -3*u + 1745 = 506. What is the units digit of u?
3
Suppose o + 3*o - 316 = 4*r, 5 = r. What is the tens digit of o?
8
Suppose 8*k - 56144 = -36*k. What is the thousands digit o